{"id":283,"date":"2015-02-06T13:13:29","date_gmt":"2015-02-06T13:13:29","guid":{"rendered":"http:\/\/ol-land.gewweserems.de\/?page_id=283"},"modified":"2024-07-19T09:27:24","modified_gmt":"2024-07-19T09:27:24","slug":"vorstand-2","status":"publish","type":"page","link":"https:\/\/ol-land.gewweserems.de\/?page_id=283","title":{"rendered":"Vorstand"},"content":{"rendered":"<h4>\u00a0<span style=\"color: #000000;\"><span style=\"color: #000000;\">Das Vorstandsteam des Kreisverbandes Oldenburg-Land<\/span><\/span><\/h4>\n<p>Dem neu gew\u00e4hlten Vorstand geh\u00f6ren an:<\/p>\n<p>Ilse Marianne Brose<\/p>\n<p>Jana Hollick<\/p>\n<p>Beg\u00fcm Langefeld<\/p>\n<p>Tanja Meyer<\/p>\n<p>Anke Sch\u00f6nfeld<\/p>\n<p>Wilfried W. Steinert<\/p>\n<p>Johann Strudthoff<\/p>\n","protected":false},"excerpt":{"rendered":"<div class=\"mh-excerpt\"><p>\u00a0Das Vorstandsteam des Kreisverbandes Oldenburg-Land Dem neu gew\u00e4hlten Vorstand geh\u00f6ren an: Ilse Marianne Brose Jana Hollick Beg\u00fcm Langefeld Tanja Meyer Anke Sch\u00f6nfeld Wilfried W. Steinert Johann Strudthoff<\/p>\n<\/div>","protected":false},"author":3,"featured_media":0,"parent":0,"menu_order":0,"comment_status":"open","ping_status":"open","template":"","meta":{"footnotes":""},"_links":{"self":[{"href":"https:\/\/ol-land.gewweserems.de\/index.php?rest_route=\/wp\/v2\/pages\/283"}],"collection":[{"href":"https:\/\/ol-land.gewweserems.de\/index.php?rest_route=\/wp\/v2\/pages"}],"about":[{"href":"https:\/\/ol-land.gewweserems.de\/index.php?rest_route=\/wp\/v2\/types\/page"}],"author":[{"embeddable":true,"href":"https:\/\/ol-land.gewweserems.de\/index.php?rest_route=\/wp\/v2\/users\/3"}],"replies":[{"embeddable":true,"href":"https:\/\/ol-land.gewweserems.de\/index.php?rest_route=%2Fwp%2Fv2%2Fcomments&post=283"}],"version-history":[{"count":49,"href":"https:\/\/ol-land.gewweserems.de\/index.php?rest_route=\/wp\/v2\/pages\/283\/revisions"}],"predecessor-version":[{"id":1830,"href":"https:\/\/ol-land.gewweserems.de\/index.php?rest_route=\/wp\/v2\/pages\/283\/revisions\/1830"}],"wp:attachment":[{"href":"https:\/\/ol-land.gewweserems.de\/index.php?rest_route=%2Fwp%2Fv2%2Fmedia&parent=283"}],"curies":[{"name":"wp","href":"https:\/\/api.w.org\/{rel}","templated":true}]}}